{"id":13,"date":"2014-03-08T09:12:30","date_gmt":"2014-03-08T08:12:30","guid":{"rendered":"http:\/\/www.uaba-opatija.hr\/?page_id=13"},"modified":"2015-01-11T21:03:50","modified_gmt":"2015-01-11T20:03:50","slug":"o-nama","status":"publish","type":"page","link":"http:\/\/www.uaba-opatija.hr\/index.php\/o-nama\/","title":{"rendered":"O nama"},"content":{"rendered":"<p>U podkategorijama ove stavke pro\u010ditajte ne\u0161to o <a title=\"Povijest\" href=\"http:\/\/www.uaba-opatija.hr\/index.php\/povijest\/\">povijesti<\/a>, <a title=\"Ciljevi\" href=\"http:\/\/www.uaba-opatija.hr\/index.php\/ciljevi\/\">ciljevima<\/a> i <a title=\"Tijela Udruge\" href=\"http:\/\/www.uaba-opatija.hr\/index.php\/tijela-udruge\/\">tijelima<\/a> na\u0161e Udruge.<\/p>\n","protected":false},"excerpt":{"rendered":"<p>U podkategorijama ove stavke pro\u010ditajte ne\u0161to o povijesti, ciljevima i tijelima na\u0161e Udruge.<\/p>\n","protected":false},"author":1,"featured_media":0,"parent":0,"menu_order":0,"comment_status":"closed","ping_status":"open","template":"","meta":{"_monsterinsights_skip_tracking":false,"_monsterinsights_sitenote_active":false,"_monsterinsights_sitenote_note":"","_monsterinsights_sitenote_category":0,"footnotes":""},"class_list":["post-13","page","type-page","status-publish","hentry"],"_links":{"self":[{"href":"http:\/\/www.uaba-opatija.hr\/index.php\/wp-json\/wp\/v2\/pages\/13","targetHints":{"allow":["GET"]}}],"collection":[{"href":"http:\/\/www.uaba-opatija.hr\/index.php\/wp-json\/wp\/v2\/pages"}],"about":[{"href":"http:\/\/www.uaba-opatija.hr\/index.php\/wp-json\/wp\/v2\/types\/page"}],"author":[{"embeddable":true,"href":"http:\/\/www.uaba-opatija.hr\/index.php\/wp-json\/wp\/v2\/users\/1"}],"replies":[{"embeddable":true,"href":"http:\/\/www.uaba-opatija.hr\/index.php\/wp-json\/wp\/v2\/comments?post=13"}],"version-history":[{"count":3,"href":"http:\/\/www.uaba-opatija.hr\/index.php\/wp-json\/wp\/v2\/pages\/13\/revisions"}],"predecessor-version":[{"id":269,"href":"http:\/\/www.uaba-opatija.hr\/index.php\/wp-json\/wp\/v2\/pages\/13\/revisions\/269"}],"wp:attachment":[{"href":"http:\/\/www.uaba-opatija.hr\/index.php\/wp-json\/wp\/v2\/media?parent=13"}],"curies":[{"name":"wp","href":"https:\/\/api.w.org\/{rel}","templated":true}]}}