{"id":21,"date":"2014-03-08T09:14:17","date_gmt":"2014-03-08T08:14:17","guid":{"rendered":"http:\/\/www.uaba-opatija.hr\/?page_id=21"},"modified":"2016-03-28T22:55:59","modified_gmt":"2016-03-28T21:55:59","slug":"dokumenti","status":"publish","type":"page","link":"http:\/\/www.uaba-opatija.hr\/index.php\/dokumenti\/","title":{"rendered":"Dokumenti"},"content":{"rendered":"<p><a title=\"PREGLED I PREUZIMANJE\" href=\"http:\/\/www.uaba-opatija.hr\/dokumenti\/UABA_statut.PDF\" target=\"_blank\">STATUT\u00a0UDRUGE ANTIFA\u0160ISTI\u010cKIH BORACA I ANTIFA\u0160ISTA\u00a0GRADA OPATIJE<\/a>\u00a0(o\u017eujak 2016.)<\/p>\n<p><a href=\"http:\/\/www.uaba-opatija.hr\/dokumenti\/UABAGS16-izvjestaj.pdf\" target=\"_blank\">Izvje\u0161taj g. Mandi\u0107a o radu Udruge za skup\u0161tinu (10.3.2016.)<\/a><\/p>\n<p><a title=\"PREGLED\" href=\"http:\/\/www.uaba-opatija.hr\/dokumenti\/izvjestaj_2014.pdf\" target=\"_blank\">Izvje\u0161taj predsjednika Udruge za skup\u0161tinu<\/a> (<em>8.3.2014.<\/em>)<\/p>\n","protected":false},"excerpt":{"rendered":"<p>STATUT\u00a0UDRUGE ANTIFA\u0160ISTI\u010cKIH BORACA I ANTIFA\u0160ISTA\u00a0GRADA OPATIJE\u00a0(o\u017eujak 2016.) Izvje\u0161taj g. Mandi\u0107a o radu Udruge za skup\u0161tinu (10.3.2016.) Izvje\u0161taj predsjednika Udruge za skup\u0161tinu (8.3.2014.)<\/p>\n","protected":false},"author":1,"featured_media":0,"parent":0,"menu_order":0,"comment_status":"closed","ping_status":"open","template":"","meta":{"_monsterinsights_skip_tracking":false,"_monsterinsights_sitenote_active":false,"_monsterinsights_sitenote_note":"","_monsterinsights_sitenote_category":0,"footnotes":""},"class_list":["post-21","page","type-page","status-publish","hentry"],"_links":{"self":[{"href":"http:\/\/www.uaba-opatija.hr\/index.php\/wp-json\/wp\/v2\/pages\/21","targetHints":{"allow":["GET"]}}],"collection":[{"href":"http:\/\/www.uaba-opatija.hr\/index.php\/wp-json\/wp\/v2\/pages"}],"about":[{"href":"http:\/\/www.uaba-opatija.hr\/index.php\/wp-json\/wp\/v2\/types\/page"}],"author":[{"embeddable":true,"href":"http:\/\/www.uaba-opatija.hr\/index.php\/wp-json\/wp\/v2\/users\/1"}],"replies":[{"embeddable":true,"href":"http:\/\/www.uaba-opatija.hr\/index.php\/wp-json\/wp\/v2\/comments?post=21"}],"version-history":[{"count":7,"href":"http:\/\/www.uaba-opatija.hr\/index.php\/wp-json\/wp\/v2\/pages\/21\/revisions"}],"predecessor-version":[{"id":490,"href":"http:\/\/www.uaba-opatija.hr\/index.php\/wp-json\/wp\/v2\/pages\/21\/revisions\/490"}],"wp:attachment":[{"href":"http:\/\/www.uaba-opatija.hr\/index.php\/wp-json\/wp\/v2\/media?parent=21"}],"curies":[{"name":"wp","href":"https:\/\/api.w.org\/{rel}","templated":true}]}}