{"id":70,"date":"2014-03-08T11:53:53","date_gmt":"2014-03-08T10:53:53","guid":{"rendered":"http:\/\/www.uaba-opatija.hr\/?page_id=70"},"modified":"2017-02-05T20:23:32","modified_gmt":"2017-02-05T19:23:32","slug":"kontakti","status":"publish","type":"page","link":"http:\/\/www.uaba-opatija.hr\/index.php\/kontakti\/","title":{"rendered":"Kontakti"},"content":{"rendered":"<p>Udruga antifa\u0161isti\u010dkih boraca i antifa\u0161ista Grada Opatije<\/p>\n<p>Sjedi\u0161te Udruge:\u00a0Nazorova ulica 1,\u00a051410 Opatija<\/p>\n<p>Uredovno vrijeme: utorak i petak od 9:00 do 11:00<\/p>\n<p>Telefon\/faks: 051\/711-748<\/p>\n<p>E-mail: <a href=\"mailto:uabaopatije@gmail.com\">uabaopatije@gmail.com<\/a><\/p>\n<p>&nbsp;<\/p>\n<p>OIB Udruge: 71325040362<\/p>\n","protected":false},"excerpt":{"rendered":"<p>Udruga antifa\u0161isti\u010dkih boraca i antifa\u0161ista Grada Opatije Sjedi\u0161te Udruge:\u00a0Nazorova ulica 1,\u00a051410 Opatija Uredovno vrijeme: utorak i petak od 9:00 do 11:00 Telefon\/faks: 051\/711-748 E-mail: uabaopatije@gmail.com &nbsp; OIB Udruge: 71325040362<\/p>\n","protected":false},"author":1,"featured_media":0,"parent":0,"menu_order":0,"comment_status":"closed","ping_status":"open","template":"","meta":{"_monsterinsights_skip_tracking":false,"_monsterinsights_sitenote_active":false,"_monsterinsights_sitenote_note":"","_monsterinsights_sitenote_category":0,"footnotes":""},"class_list":["post-70","page","type-page","status-publish","hentry"],"_links":{"self":[{"href":"http:\/\/www.uaba-opatija.hr\/index.php\/wp-json\/wp\/v2\/pages\/70","targetHints":{"allow":["GET"]}}],"collection":[{"href":"http:\/\/www.uaba-opatija.hr\/index.php\/wp-json\/wp\/v2\/pages"}],"about":[{"href":"http:\/\/www.uaba-opatija.hr\/index.php\/wp-json\/wp\/v2\/types\/page"}],"author":[{"embeddable":true,"href":"http:\/\/www.uaba-opatija.hr\/index.php\/wp-json\/wp\/v2\/users\/1"}],"replies":[{"embeddable":true,"href":"http:\/\/www.uaba-opatija.hr\/index.php\/wp-json\/wp\/v2\/comments?post=70"}],"version-history":[{"count":8,"href":"http:\/\/www.uaba-opatija.hr\/index.php\/wp-json\/wp\/v2\/pages\/70\/revisions"}],"predecessor-version":[{"id":557,"href":"http:\/\/www.uaba-opatija.hr\/index.php\/wp-json\/wp\/v2\/pages\/70\/revisions\/557"}],"wp:attachment":[{"href":"http:\/\/www.uaba-opatija.hr\/index.php\/wp-json\/wp\/v2\/media?parent=70"}],"curies":[{"name":"wp","href":"https:\/\/api.w.org\/{rel}","templated":true}]}}