{"id":9,"date":"2014-03-08T08:54:50","date_gmt":"2014-03-08T07:54:50","guid":{"rendered":"http:\/\/www.uaba-opatija.hr\/?page_id=9"},"modified":"2014-03-08T08:54:50","modified_gmt":"2014-03-08T07:54:50","slug":"pocetna","status":"publish","type":"page","link":"http:\/\/www.uaba-opatija.hr\/index.php\/pocetna\/","title":{"rendered":"Po\u010detna"},"content":{"rendered":"<p>Dobro do\u0161li!<\/p>\n<p>Na na\u0161im stranicama \u0107ete prona\u0107i vi\u0161e informacija o na\u0161oj Udruzi i brojnim aktivnostima\u2026<\/p>\n","protected":false},"excerpt":{"rendered":"<p>Dobro do\u0161li! Na na\u0161im stranicama \u0107ete prona\u0107i vi\u0161e informacija o na\u0161oj Udruzi i brojnim aktivnostima\u2026<\/p>\n","protected":false},"author":1,"featured_media":0,"parent":0,"menu_order":0,"comment_status":"closed","ping_status":"open","template":"","meta":{"_monsterinsights_skip_tracking":false,"_monsterinsights_sitenote_active":false,"_monsterinsights_sitenote_note":"","_monsterinsights_sitenote_category":0,"footnotes":""},"class_list":["post-9","page","type-page","status-publish","hentry"],"_links":{"self":[{"href":"http:\/\/www.uaba-opatija.hr\/index.php\/wp-json\/wp\/v2\/pages\/9","targetHints":{"allow":["GET"]}}],"collection":[{"href":"http:\/\/www.uaba-opatija.hr\/index.php\/wp-json\/wp\/v2\/pages"}],"about":[{"href":"http:\/\/www.uaba-opatija.hr\/index.php\/wp-json\/wp\/v2\/types\/page"}],"author":[{"embeddable":true,"href":"http:\/\/www.uaba-opatija.hr\/index.php\/wp-json\/wp\/v2\/users\/1"}],"replies":[{"embeddable":true,"href":"http:\/\/www.uaba-opatija.hr\/index.php\/wp-json\/wp\/v2\/comments?post=9"}],"version-history":[{"count":1,"href":"http:\/\/www.uaba-opatija.hr\/index.php\/wp-json\/wp\/v2\/pages\/9\/revisions"}],"predecessor-version":[{"id":10,"href":"http:\/\/www.uaba-opatija.hr\/index.php\/wp-json\/wp\/v2\/pages\/9\/revisions\/10"}],"wp:attachment":[{"href":"http:\/\/www.uaba-opatija.hr\/index.php\/wp-json\/wp\/v2\/media?parent=9"}],"curies":[{"name":"wp","href":"https:\/\/api.w.org\/{rel}","templated":true}]}}